{"id":2283,"date":"2021-06-01T19:02:54","date_gmt":"2021-06-01T17:02:54","guid":{"rendered":"https:\/\/iesnapa.educacion.navarra.es\/web\/?page_id=2283"},"modified":"2021-06-01T19:02:54","modified_gmt":"2021-06-01T17:02:54","slug":"curso-de-acceso-a-grado-superior","status":"publish","type":"page","link":"https:\/\/iesnapa.educacion.navarra.es\/web\/oferta-educativa\/curso-de-acceso-a-grado-superior\/","title":{"rendered":"Curso de acceso a Grado superior"},"content":{"rendered":"<div class=\"wpb-content-wrapper\"><p>[vc_row row_height_percent=\u00bb0&#8243; override_padding=\u00bbyes\u00bb h_padding=\u00bb5&#8243; top_padding=\u00bb2&#8243; bottom_padding=\u00bb2&#8243; back_color=\u00bbarena-urabayen\u00bb overlay_alpha=\u00bb50&#8243; gutter_size=\u00bb3&#8243; column_width_percent=\u00bb100&#8243; shift_y=\u00bb0&#8243; z_index=\u00bb0&#8243; el_class=\u00bbinforma\u00bb][vc_column column_width_percent=\u00bb100&#8243; gutter_size=\u00bb3&#8243; overlay_alpha=\u00bb50&#8243; shift_x=\u00bb0&#8243; shift_y=\u00bb0&#8243; shift_y_down=\u00bb0&#8243; z_index=\u00bb0&#8243; medium_width=\u00bb0&#8243; mobile_width=\u00bb0&#8243; width=\u00bb1\/1&#8243;][vc_row_inner row_inner_height_percent=\u00bb0&#8243; back_color=\u00bbblanco\u00bb overlay_alpha=\u00bb50&#8243; gutter_size=\u00bb3&#8243; shift_y=\u00bb0&#8243; z_index=\u00bb0&#8243; css=\u00bb.vc_custom_1608543885800{padding-top: 8px !important;padding-right: 8px !important;padding-bottom: 8px !important;padding-left: 8px !important;}\u00bb][vc_column_inner width=\u00bb1\/1&#8243;][vc_column_text]Pr\u00f3ximamente se conocer\u00e1n las caracter\u00edsticas, para el curso 2021-22.<\/p>\n<ul class=\"menu-interno\">\n<li>Requisitos<\/li>\n<li>Fechas de matr\u00edcula<\/li>\n<li>Te puede interesar<\/li>\n<\/ul>\n<p>[\/vc_column_text][\/vc_column_inner][\/vc_row_inner][vc_custom_heading heading_semantic=\u00bbh3&#8243; text_size=\u00bbh3&#8243;]<\/p>\n<pre><span class=\"heading-text-highlight \" data-atts='{\"bg\":\"style-subrayado-titulos-bg\",\"height\":\"13%\",\"offset\":\"0.0em\",\"opacity\":\"1\",\"animated\":\"yes\"}'>La modalidad de ense\u00f1anza a distancia tutorizada<\/span>\r\n<\/pre>\n<p>[\/vc_custom_heading][vc_column_text css=\u00bb.vc_custom_1618832638704{margin-top: 8px !important;}\u00bb]Las ense\u00f1anzas a distancia constituyen una modalidad educativa peculiar. Permiten compatibilizar los estudios con otras actividades y ocupaciones, la libertad del estudiante para administrar el ritmo de aprendizaje cursando el n\u00famero de asignaturas que mejor se adapte a su situaci\u00f3n e intereses y la atenci\u00f3n personalizada del profesorado en las sesiones de tutor\u00eda individual. Al recaer en el alumno la organizaci\u00f3n del propio estudio, es preciso mantener un h\u00e1bito de trabajo personal que no es controlado directamente por el profesor.<\/p>\n<p>La ense\u00f1anza a distancia es un servicio destinado a personas con cargas laborales, familiares o de otro tipo que les impide cursar estudios reglados a tiempo completo. Sin embargo, las exigencias de aprendizaje son las mismas que en cualesquiera otros centros del nivel correspondiente en cuanto a contenidos m\u00ednimos, dominio de procedimientos y actitudes, criterios de evaluaci\u00f3n, etc.<\/p>\n<p>En el Instituto F\u00e9lix Urabayen la atenci\u00f3n a los alumnos se realiza a trav\u00e9s de las tutor\u00edas colectivas e individuales.<\/p>\n<h4>Tutor\u00edas<\/h4>\n<p><mark>Las <strong>TUTOR\u00cdAS COLECTIVAS<\/strong>\u00a0est\u00e1n destinadas a:<\/mark><\/p>\n<ul>\n<li>Planificar el trabajo del alumno en cada periodo lectivo (cursos, trimestres y\/o quincenas).<\/li>\n<li>Orientar sobre el uso de los materiales de estudio, tanto el libro de texto como los materiales elaborados por el profesor.<\/li>\n<li>Explicar, en su caso, las unidades, temas o cuestiones de mayor dificultad o que requieran mayor apoyo del profesor.<\/li>\n<li>Practicar sobre los procedimientos y t\u00e9cnicas que exigen orientaci\u00f3n espec\u00edfica.<\/li>\n<li>Aclarar dudas y problemas surgidos en el aprendizaje personal del alumno.<\/li>\n<\/ul>\n<p>Hay una hora de tutor\u00eda colectiva por asignatura a la semana (en alg\u00fan caso, dos), en turnos de ma\u00f1ana y tarde. Los alumnos pueden asistir indistintamente a un turno u otro en funci\u00f3n de su disponibilidad de tiempo, turnos de trabajo, etc.<\/p>\n<p><mark>Las\u00a0<strong>TUTOR\u00cdAS INDIVIDUALES<\/strong><\/mark> completan el trabajo desarrollado en las tutor\u00edas colectivas. Es en ellas donde el alumno puede formular consultas espec\u00edficas al profesor, plantearle las dudas surgidas en el estudio de la materia y recibir las explicaciones y orientaciones requeridas. Adem\u00e1s son sumamente \u00fatiles para la correcci\u00f3n de las actividades indicadas por el profesor tutor.<\/p>\n<p>Estas tutor\u00edas se podr\u00e1n realizar tanto presencialmente como a trav\u00e9s del tel\u00e9fono o del correo (postal o electr\u00f3nico). Todos los profesores tienen tutor\u00eda individual en horario de ma\u00f1ana y de tarde.<\/p>\n<h4>Gu\u00eda del alumno y agenda de trabajo<\/h4>\n<p>Al principio de curso se entrega una Gu\u00eda del alumno en el que vienen fijadas las fechas de todas las evaluaciones (tres a lo largo del curso, una final ordinaria y otra extraordinaria), los horarios de tutor\u00edas, correo electr\u00f3nico de los profesores y otras informaciones. Adem\u00e1s, cada profesor entregar\u00e1 la Agenda de Trabajo de su asignatura, con toda la informaci\u00f3n necesaria sobre sus contenidos, la planificaci\u00f3n semanal, su distribuci\u00f3n por evaluaciones, materiales did\u00e1cticos que se van a utilizar, criterios de evaluaci\u00f3n, etc.<\/p>\n<p>Tambi\u00e9n se puede ver aqu\u00ed la <a href=\"https:\/\/iesnapa.educacion.navarra.es\/web\/acceso-a-alumnos\/agendas-de-trabajo\/\">Agenda de trabajo<\/a> de este curso.<\/p>\n<h4>Aula Virtual<\/h4>\n<p>Los alumnos del Instituto F\u00e9lix Urabayen podr\u00e1n tener acceso a un <a href=\"http:\/\/iesnapa.educacion.navarra.es\/moodle2\/\" target=\"_blank\" rel=\"noopener noreferrer\">Aula Virtual<\/a> donde encontrar\u00e1n diversos documentos oficiales del centro y materiales de apoyo de las distintas asignaturas.[\/vc_column_text][vc_custom_heading heading_semantic=\u00bbh3&#8243; text_size=\u00bbh3&#8243; el_id=\u00bbrequisitos\u00bb]<\/p>\n<pre><span class=\"heading-text-highlight \" data-atts='{\"bg\":\"style-subrayado-titulos-bg\",\"height\":\"13%\",\"offset\":\"0.0em\",\"opacity\":\"1\",\"animated\":\"yes\"}'>Requisitos<\/span>\r\n<\/pre>\n<p>[\/vc_custom_heading][vc_column_text css=\u00bb.vc_custom_1622566958836{margin-top: 8px !important;}\u00bb]Las personas adultas que deseen estudiar un ciclo Superior, podr\u00e1n seguir este curso, que les permitir\u00e1 acceder a ellos.\u00a0 La ense\u00f1anza ser\u00e1 a distancia, que cuentan con una organizaci\u00f3n de las ense\u00f1anzas m\u00e1s flexible que en el r\u00e9gimen ordinario.<\/p>\n<p><strong>Requisitos:<\/strong><\/p>\n<p>tener 18 a\u00f1os o cumplirlos en el a\u00f1o en que se matricula, o tener 16 o m\u00e1s a\u00f1os siempre que tengan un contrato laboral que no les permita acudir a los centros educativos en r\u00e9gimen ordinario o sean deportistas de alto rendimiento.<\/p>\n<p>[\/vc_column_text][vc_custom_heading heading_semantic=\u00bbh3&#8243; text_size=\u00bbh3&#8243; el_id=\u00bbfechas-matricula\u00bb]<\/p>\n<pre><span class=\"heading-text-highlight \" data-atts='{\"bg\":\"style-subrayado-titulos-bg\",\"height\":\"13%\",\"offset\":\"0.0em\",\"opacity\":\"1\",\"animated\":\"yes\"}'>Fechas de matr\u00edcula<\/span>\r\n<\/pre>\n<p>[\/vc_custom_heading][vc_column_text css=\u00bb.vc_custom_1618832722171{margin-top: 8px !important;}\u00bb]Las fechas concretas de matr\u00edcula de bachillerato se suelen anunciar en junio. Normalmente se pueden realizar en agosto y septiembre.<\/p>\n<p>[\/vc_column_text][vc_custom_heading heading_semantic=\u00bbh3&#8243; text_size=\u00bbh3&#8243; el_id=\u00bbte-puede-interesar\u00bb]<\/p>\n<pre><span class=\"heading-text-highlight \" data-atts='{\"bg\":\"style-subrayado-titulos-bg\",\"height\":\"13%\",\"offset\":\"0.0em\",\"opacity\":\"1\",\"animated\":\"yes\"}'>Te puede interesar:<\/span>\r\n<\/pre>\n<p>[\/vc_custom_heading][vc_column_text]<strong><a href=\"https:\/\/www.educacion.navarra.es\/web\/dpto\/estudios-universitarios\/iniciar-los-estudios\" target=\"_blank\" rel=\"noopener noreferrer\">Estudios Universitarios <i class=\"fa fa-link3 fa-1x fa-fw\"><\/i><\/a><\/strong><\/p>\n<p><strong><a href=\"https:\/\/www.educacion.navarra.es\/web\/dpto\/ciclos-formativos\" target=\"_blank\" rel=\"noopener noreferrer\">Formaci\u00f3n Profesional <i class=\"fa fa-link3 fa-1x fa-fw\"><\/i><\/a><\/strong>[\/vc_column_text][\/vc_column][\/vc_row][vc_row][vc_column width=\u00bb1\/1&#8243;][uncode_block id=\u00bb528&#8243;][\/vc_column][\/vc_row][vc_row][vc_column width=\u00bb1\/1&#8243;][uncode_block id=\u00bb448&#8243;][\/vc_column][\/vc_row]<\/p>\n<\/div>","protected":false},"excerpt":{"rendered":"<p>El Bachillerato forma parte de la educaci\u00f3n postobligatoria y permite el acceso a otros estudios o al mundo laboral.<\/p>\n","protected":false},"author":2,"featured_media":555,"parent":444,"menu_order":0,"comment_status":"closed","ping_status":"closed","template":"","meta":{"footnotes":""},"class_list":["post-2283","page","type-page","status-publish","has-post-thumbnail","hentry","page_category-oferta-educativa"],"_links":{"self":[{"href":"https:\/\/iesnapa.educacion.navarra.es\/web\/wp-json\/wp\/v2\/pages\/2283"}],"collection":[{"href":"https:\/\/iesnapa.educacion.navarra.es\/web\/wp-json\/wp\/v2\/pages"}],"about":[{"href":"https:\/\/iesnapa.educacion.navarra.es\/web\/wp-json\/wp\/v2\/types\/page"}],"author":[{"embeddable":true,"href":"https:\/\/iesnapa.educacion.navarra.es\/web\/wp-json\/wp\/v2\/users\/2"}],"replies":[{"embeddable":true,"href":"https:\/\/iesnapa.educacion.navarra.es\/web\/wp-json\/wp\/v2\/comments?post=2283"}],"version-history":[{"count":2,"href":"https:\/\/iesnapa.educacion.navarra.es\/web\/wp-json\/wp\/v2\/pages\/2283\/revisions"}],"predecessor-version":[{"id":2804,"href":"https:\/\/iesnapa.educacion.navarra.es\/web\/wp-json\/wp\/v2\/pages\/2283\/revisions\/2804"}],"up":[{"embeddable":true,"href":"https:\/\/iesnapa.educacion.navarra.es\/web\/wp-json\/wp\/v2\/pages\/444"}],"wp:featuredmedia":[{"embeddable":true,"href":"https:\/\/iesnapa.educacion.navarra.es\/web\/wp-json\/wp\/v2\/media\/555"}],"wp:attachment":[{"href":"https:\/\/iesnapa.educacion.navarra.es\/web\/wp-json\/wp\/v2\/media?parent=2283"}],"curies":[{"name":"wp","href":"https:\/\/api.w.org\/{rel}","templated":true}]}}

<div class="wpb-content-wrapper"><p>[vc_row row_height_percent=»0&#8243; override_padding=»yes» h_padding=»5&#8243; top_padding=»2&#8243; bottom_padding=»2&#8243; back_color=»arena-urabayen» overlay_alpha=»50&#8243; gutter_size=»3&#8243; column_width_percent=»100&#8243; shift_y=»0&#8243; z_index=»0&#8243; el_class=»informa»][vc_column column_width_percent=»100&#8243; gutter_size=»3&#8243; overlay_alpha=»50&#8243; shift_x=»0&#8243; shift_y=»0&#8243; shift_y_down=»0&#8243; z_index=»0&#8243; medium_width=»0&#8243; mobile_width=»0&#8243; width=»1/1&#8243;][vc_row_inner row_inner_height_percent=»0&#8243; back_color=»blanco» overlay_alpha=»50&#8243; gutter_size=»3&#8243; shift_y=»0&#8243; z_index=»0&#8243; css=».vc_custom_1608543885800{padding-top: 8px !important;padding-right: 8px !important;padding-bottom: 8px !important;padding-left: 8px !important;}»][vc_column_inner width=»1/1&#8243;][vc_column_text]Próximamente se conocerán las características, para el curso 2021-22.</p>
<ul class="menu-interno">
<li>Requisitos</li>
<li>Fechas de matrícula</li>
<li>Te puede interesar</li>
</ul>
<p>[/vc_column_text][/vc_column_inner][/vc_row_inner][vc_custom_heading heading_semantic=»h3&#8243; text_size=»h3&#8243;]</p>
<pre><span class="heading-text-highlight " data-atts='{"bg":"style-subrayado-titulos-bg","height":"13%","offset":"0.0em","opacity":"1","animated":"yes"}'>La modalidad de enseñanza a distancia tutorizada</span>
</pre>
<p>[/vc_custom_heading][vc_column_text css=».vc_custom_1618832638704{margin-top: 8px !important;}»]Las enseñanzas a distancia constituyen una modalidad educativa peculiar. Permiten compatibilizar los estudios con otras actividades y ocupaciones, la libertad del estudiante para administrar el ritmo de aprendizaje cursando el número de asignaturas que mejor se adapte a su situación e intereses y la atención personalizada del profesorado en las sesiones de tutoría individual. Al recaer en el alumno la organización del propio estudio, es preciso mantener un hábito de trabajo personal que no es controlado directamente por el profesor.</p>
<p>La enseñanza a distancia es un servicio destinado a personas con cargas laborales, familiares o de otro tipo que les impide cursar estudios reglados a tiempo completo. Sin embargo, las exigencias de aprendizaje son las mismas que en cualesquiera otros centros del nivel correspondiente en cuanto a contenidos mínimos, dominio de procedimientos y actitudes, criterios de evaluación, etc.</p>
<p>En el Instituto Félix Urabayen la atención a los alumnos se realiza a través de las tutorías colectivas e individuales.</p>
<h4>Tutorías</h4>
<p><mark>Las <strong>TUTORÍAS COLECTIVAS</strong> están destinadas a:</mark></p>
<ul>
<li>Planificar el trabajo del alumno en cada periodo lectivo (cursos, trimestres y/o quincenas).</li>
<li>Orientar sobre el uso de los materiales de estudio, tanto el libro de texto como los materiales elaborados por el profesor.</li>
<li>Explicar, en su caso, las unidades, temas o cuestiones de mayor dificultad o que requieran mayor apoyo del profesor.</li>
<li>Practicar sobre los procedimientos y técnicas que exigen orientación específica.</li>
<li>Aclarar dudas y problemas surgidos en el aprendizaje personal del alumno.</li>
</ul>
<p>Hay una hora de tutoría colectiva por asignatura a la semana (en algún caso, dos), en turnos de mañana y tarde. Los alumnos pueden asistir indistintamente a un turno u otro en función de su disponibilidad de tiempo, turnos de trabajo, etc.</p>
<p><mark>Las <strong>TUTORÍAS INDIVIDUALES</strong></mark> completan el trabajo desarrollado en las tutorías colectivas. Es en ellas donde el alumno puede formular consultas específicas al profesor, plantearle las dudas surgidas en el estudio de la materia y recibir las explicaciones y orientaciones requeridas. Además son sumamente útiles para la corrección de las actividades indicadas por el profesor tutor.</p>
<p>Estas tutorías se podrán realizar tanto presencialmente como a través del teléfono o del correo (postal o electrónico). Todos los profesores tienen tutoría individual en horario de mañana y de tarde.</p>
<h4>Guía del alumno y agenda de trabajo</h4>
<p>Al principio de curso se entrega una Guía del alumno en el que vienen fijadas las fechas de todas las evaluaciones (tres a lo largo del curso, una final ordinaria y otra extraordinaria), los horarios de tutorías, correo electrónico de los profesores y otras informaciones. Además, cada profesor entregará la Agenda de Trabajo de su asignatura, con toda la información necesaria sobre sus contenidos, la planificación semanal, su distribución por evaluaciones, materiales didácticos que se van a utilizar, criterios de evaluación, etc.</p>
<p>También se puede ver aquí la <a href="https://iesnapa.educacion.navarra.es/web/acceso-a-alumnos/agendas-de-trabajo/">Agenda de trabajo</a> de este curso.</p>
<h4>Aula Virtual</h4>
<p>Los alumnos del Instituto Félix Urabayen podrán tener acceso a un <a href="http://iesnapa.educacion.navarra.es/moodle2/" target="_blank" rel="noopener noreferrer">Aula Virtual</a> donde encontrarán diversos documentos oficiales del centro y materiales de apoyo de las distintas asignaturas.[/vc_column_text][vc_custom_heading heading_semantic=»h3&#8243; text_size=»h3&#8243; el_id=»requisitos»]</p>
<pre><span class="heading-text-highlight " data-atts='{"bg":"style-subrayado-titulos-bg","height":"13%","offset":"0.0em","opacity":"1","animated":"yes"}'>Requisitos</span>
</pre>
<p>[/vc_custom_heading][vc_column_text css=».vc_custom_1622566958836{margin-top: 8px !important;}»]Las personas adultas que deseen estudiar un ciclo Superior, podrán seguir este curso, que les permitirá acceder a ellos.  La enseñanza será a distancia, que cuentan con una organización de las enseñanzas más flexible que en el régimen ordinario.</p>
<p><strong>Requisitos:</strong></p>
<p>tener 18 años o cumplirlos en el año en que se matricula, o tener 16 o más años siempre que tengan un contrato laboral que no les permita acudir a los centros educativos en régimen ordinario o sean deportistas de alto rendimiento.</p>
<p>[/vc_column_text][vc_custom_heading heading_semantic=»h3&#8243; text_size=»h3&#8243; el_id=»fechas-matricula»]</p>
<pre><span class="heading-text-highlight " data-atts='{"bg":"style-subrayado-titulos-bg","height":"13%","offset":"0.0em","opacity":"1","animated":"yes"}'>Fechas de matrícula</span>
</pre>
<p>[/vc_custom_heading][vc_column_text css=».vc_custom_1618832722171{margin-top: 8px !important;}»]Las fechas concretas de matrícula de bachillerato se suelen anunciar en junio. Normalmente se pueden realizar en agosto y septiembre.</p>
<p>[/vc_column_text][vc_custom_heading heading_semantic=»h3&#8243; text_size=»h3&#8243; el_id=»te-puede-interesar»]</p>
<pre><span class="heading-text-highlight " data-atts='{"bg":"style-subrayado-titulos-bg","height":"13%","offset":"0.0em","opacity":"1","animated":"yes"}'>Te puede interesar:</span>
</pre>
<p>[/vc_custom_heading][vc_column_text]<strong><a href="https://www.educacion.navarra.es/web/dpto/estudios-universitarios/iniciar-los-estudios" target="_blank" rel="noopener noreferrer">Estudios Universitarios <i class="fa fa-link3 fa-1x fa-fw"></i></a></strong></p>
<p><strong><a href="https://www.educacion.navarra.es/web/dpto/ciclos-formativos" target="_blank" rel="noopener noreferrer">Formación Profesional <i class="fa fa-link3 fa-1x fa-fw"></i></a></strong>[/vc_column_text][/vc_column][/vc_row][vc_row][vc_column width=»1/1&#8243;][uncode_block id=»528&#8243;][/vc_column][/vc_row][vc_row][vc_column width=»1/1&#8243;][uncode_block id=»448&#8243;][/vc_column][/vc_row]</p>
</div>

<p>El Bachillerato forma parte de la educación postobligatoria y permite el acceso a otros estudios o al mundo laboral.</p>
