{"id":409,"date":"2025-12-19T11:59:57","date_gmt":"2025-12-19T10:59:57","guid":{"rendered":"https:\/\/iesnapa.educacion.navarra.es\/web\/?page_id=409"},"modified":"2026-01-12T10:16:39","modified_gmt":"2026-01-12T09:16:39","slug":"pruebas-libres","status":"publish","type":"page","link":"https:\/\/iesnapa.educacion.navarra.es\/web\/oferta-educativa\/pruebas-libres\/","title":{"rendered":"Pruebas libres de ESO"},"content":{"rendered":"<div class=\"wpb-content-wrapper\"><p>[vc_row row_height_percent=\u00bb0&#8243; override_padding=\u00bbyes\u00bb h_padding=\u00bb5&#8243; top_padding=\u00bb2&#8243; bottom_padding=\u00bb2&#8243; back_color=\u00bbarena-urabayen\u00bb overlay_alpha=\u00bb50&#8243; gutter_size=\u00bb3&#8243; column_width_percent=\u00bb100&#8243; shift_y=\u00bb0&#8243; z_index=\u00bb0&#8243; el_class=\u00bbinforma\u00bb][vc_column column_width_percent=\u00bb100&#8243; gutter_size=\u00bb3&#8243; overlay_alpha=\u00bb50&#8243; shift_x=\u00bb0&#8243; shift_y=\u00bb0&#8243; shift_y_down=\u00bb0&#8243; z_index=\u00bb0&#8243; medium_width=\u00bb0&#8243; mobile_width=\u00bb0&#8243; width=\u00bb1\/1&#8243;][vc_custom_heading heading_semantic=\u00bbh3&#8243; text_size=\u00bbh3&#8243; uncode_shortcode_id=\u00bb894814&#8243;]<\/p>\n<pre><span class=\"heading-text-highlight \" data-atts='{\"bg\":\"style-subrayado-titulos-bg\",\"height\":\"13%\",\"offset\":\"0.0em\",\"opacity\":\"1\",\"animated\":\"yes\"}'>Pruebas libres 2026<\/span>\r\n<\/pre>\n<p>[\/vc_custom_heading][vc_column_text css=\u00bb.vc_custom_1768209288367{margin-top: 8px !important;}\u00bb uncode_shortcode_id=\u00bb135431&#8243;]<\/p>\n<h4><span style=\"color: #ff0000;\">NO HABR\u00c1 PRUEBAS LIBRES EN LA CONVOCATORIA DE ENERO-FEBRERO DE 2026<\/span><\/h4>\n<h4>P\u00e1gina oficial (esta es la informaci\u00f3n v\u00e1lida)<\/h4>\n<p><a href=\"https:\/\/www.navarra.es\/es\/tramites\/on\/-\/line\/Pruebas-para-obtener-el-titulo-de-Graduado-en-ESO\">https:\/\/www.navarra.es\/es\/tramites\/on\/-\/line\/Pruebas-para-obtener-el-titulo-de-Graduado-en-ESO<\/a><\/p>\n<h4>Requisitos<\/h4>\n<ul>\n<li>Personas mayores de 18 a\u00f1os o que cumplan esta edad en 2026.<\/li>\n<li>No podr\u00e1n inscribirse aquellas personas matriculadas en Educaci\u00f3n Secundaria Obligatoria o en Programas de Cualificaci\u00f3n Profesional Inicial de modalidad b\u00e1sica.<\/li>\n<li>Para la realizaci\u00f3n de las pruebas se exigir\u00e1 acreditar la identidad mediante presentaci\u00f3n del D.N.I., N.I.E. o pasaporte.<\/li>\n<\/ul>\n<h4>Fecha y lugar de las pruebas<\/h4>\n<p>Las pruebas se realizar\u00e1n en junio en el Instituto de Educaci\u00f3n Secundaria de Navarra de Personas Adultas \u201cF\u00e9lix Urabayen\u201d, sito en la calle Bartolom\u00e9 de Carranza, n\u00famero 5 de Pamplona.<\/p>\n<h4>Inscripci\u00f3n para la prueba<\/h4>\n<p>Se avisar\u00e1 cuando se convoque.<\/p>\n<p>Las inscripciones se realizar\u00e1n en la secretar\u00eda del IESNAPA \u201cF\u00e9lix Urabayen\u201d, en el Registro del Dpto. de Educaci\u00f3n, en los lugares determinados en el art\u00edculo 38.4 de la Ley 30\/1992, de 26 de noviembre o a trav\u00e9s del Registro Gral. Electr\u00f3nico de la Administraci\u00f3n de la Comunidad Foral de Navarra a que se refiere en Decreto Foral 70\/2008, de 23 de junio.<\/p>\n<p>&nbsp;<\/p>\n<p><strong>La solicitud se acompa\u00f1ar\u00e1 de la copia de los siguientes documentos<\/strong><\/p>\n<ul>\n<li>DNI, NIE o pasaporte.<\/li>\n<li>Certificaci\u00f3n acad\u00e9mica de la ESO (si se tiene algunas asignaturas aprobadas en 4.\u00ba) para beneficiarse de la exenci\u00f3n de alguno de los \u00e1mbitos.<\/li>\n<li>Justificante de renuncia a la matr\u00edcula en las ense\u00f1anzas de Educaci\u00f3n Secundaria para Personas Adultas si las estuviera cursando.<\/li>\n<li>Certificaci\u00f3n de minusval\u00eda, en el caso de que el aspirante precise de alguna medida de adaptaci\u00f3n.<\/li>\n<\/ul>\n<h4>Relaci\u00f3n provisional y definitiva<\/h4>\n<p><strong>Listado provisional:<\/strong><br \/>\nSe comunicar\u00e1 en su momento<\/p>\n<p><strong>Plazo de reclamaci\u00f3n:<\/strong><br \/>\nSe comunicar\u00e1 en su momento<\/p>\n<p><strong>Listado definitivo:<\/strong><br \/>\nSe comunicar\u00e1 en su momento<\/p>\n<h4>M\u00e1s informaci\u00f3n<\/h4>\n<p><strong><a href=\"https:\/\/www.navarra.es\/es\/tramites\/on\/-\/line\/Pruebas-para-obtener-el-titulo-de-Graduado-en-ESO\">P\u00e1gina oficial del Gobierno de Navarra con modelos de examen de a\u00f1os anteriores (en el apartado Descripci\u00f3n)<\/a><\/strong>[\/vc_column_text][\/vc_column][\/vc_row][vc_row][vc_column width=\u00bb1\/1&#8243;][uncode_block id=\u00bb448&#8243;][\/vc_column][\/vc_row]<\/p>\n<\/div>","protected":false},"excerpt":{"rendered":"<p>Las Pruebas Libres permiten obtener directamente el t\u00edtulo de Graduado en ESO a los mayores de 18 a\u00f1os.<\/p>\n","protected":false},"author":1,"featured_media":559,"parent":444,"menu_order":0,"comment_status":"closed","ping_status":"closed","template":"","meta":{"footnotes":""},"class_list":["post-409","page","type-page","status-publish","has-post-thumbnail","hentry","page_category-oferta-educativa"],"_links":{"self":[{"href":"https:\/\/iesnapa.educacion.navarra.es\/web\/wp-json\/wp\/v2\/pages\/409"}],"collection":[{"href":"https:\/\/iesnapa.educacion.navarra.es\/web\/wp-json\/wp\/v2\/pages"}],"about":[{"href":"https:\/\/iesnapa.educacion.navarra.es\/web\/wp-json\/wp\/v2\/types\/page"}],"author":[{"embeddable":true,"href":"https:\/\/iesnapa.educacion.navarra.es\/web\/wp-json\/wp\/v2\/users\/1"}],"replies":[{"embeddable":true,"href":"https:\/\/iesnapa.educacion.navarra.es\/web\/wp-json\/wp\/v2\/comments?post=409"}],"version-history":[{"count":25,"href":"https:\/\/iesnapa.educacion.navarra.es\/web\/wp-json\/wp\/v2\/pages\/409\/revisions"}],"predecessor-version":[{"id":5685,"href":"https:\/\/iesnapa.educacion.navarra.es\/web\/wp-json\/wp\/v2\/pages\/409\/revisions\/5685"}],"up":[{"embeddable":true,"href":"https:\/\/iesnapa.educacion.navarra.es\/web\/wp-json\/wp\/v2\/pages\/444"}],"wp:featuredmedia":[{"embeddable":true,"href":"https:\/\/iesnapa.educacion.navarra.es\/web\/wp-json\/wp\/v2\/media\/559"}],"wp:attachment":[{"href":"https:\/\/iesnapa.educacion.navarra.es\/web\/wp-json\/wp\/v2\/media?parent=409"}],"curies":[{"name":"wp","href":"https:\/\/api.w.org\/{rel}","templated":true}]}}