{"id":61,"date":"2025-11-13T12:17:50","date_gmt":"2025-11-13T11:17:50","guid":{"rendered":"https:\/\/iesnapa.educacion.navarra.es\/web\/?page_id=61"},"modified":"2025-11-20T13:35:41","modified_gmt":"2025-11-20T12:35:41","slug":"secundaria-adultos","status":"publish","type":"page","link":"https:\/\/iesnapa.educacion.navarra.es\/web\/oferta-educativa\/secundaria-adultos\/","title":{"rendered":"Secundaria adultos y pruebas VIA"},"content":{"rendered":"<div class=\"wpb-content-wrapper\"><p>[vc_row row_height_percent=\u00bb0&#8243; override_padding=\u00bbyes\u00bb h_padding=\u00bb5&#8243; top_padding=\u00bb2&#8243; bottom_padding=\u00bb2&#8243; back_color=\u00bbarena-urabayen\u00bb overlay_alpha=\u00bb50&#8243; gutter_size=\u00bb3&#8243; column_width_percent=\u00bb100&#8243; shift_y=\u00bb0&#8243; z_index=\u00bb0&#8243; el_class=\u00bbinforma\u00bb][vc_column column_width_percent=\u00bb100&#8243; gutter_size=\u00bb3&#8243; overlay_alpha=\u00bb50&#8243; shift_x=\u00bb0&#8243; shift_y=\u00bb0&#8243; shift_y_down=\u00bb0&#8243; z_index=\u00bb0&#8243; medium_width=\u00bb0&#8243; mobile_width=\u00bb0&#8243; width=\u00bb1\/1&#8243;][vc_row_inner row_inner_height_percent=\u00bb0&#8243; back_color=\u00bbblanco\u00bb overlay_alpha=\u00bb50&#8243; gutter_size=\u00bb3&#8243; shift_y=\u00bb0&#8243; z_index=\u00bb0&#8243; css=\u00bb.vc_custom_1608543885800{padding-top: 8px !important;padding-right: 8px !important;padding-bottom: 8px !important;padding-left: 8px !important;}\u00bb limit_content=\u00bb\u00bb][vc_column_inner width=\u00bb1\/1&#8243;][vc_column_text]<\/p>\n<ul class=\"menu-interno\">\n<li><a href=\"#como-se-accede\">\u00bfC\u00f3mo se accede a la ESPA?<\/a><\/li>\n<li><a href=\"#que-se-estudia\">\u00bfQu\u00e9 se estudia en la ESPA?<\/a><\/li>\n<li><a href=\"#como-se-organiza\">\u00bfC\u00f3mo est\u00e1 organizada la ESPA?<\/a><\/li>\n<\/ul>\n<p>[\/vc_column_text][\/vc_column_inner][\/vc_row_inner][vc_custom_heading heading_semantic=\u00bbh3&#8243; text_size=\u00bbh3&#8243; el_id=\u00bbcomo-se-accede\u00bb]<\/p>\n<pre><span class=\"heading-text-highlight \" data-atts='{\"bg\":\"style-subrayado-titulos-bg\",\"height\":\"13%\",\"offset\":\"0.0em\",\"opacity\":\"1\",\"animated\":\"yes\"}'>\u00bfC\u00f3mo se accede a la ESPA?<\/span>\r\n<\/pre>\n<p>[\/vc_custom_heading][vc_column_text css=\u00bb.vc_custom_1763642130985{margin-top: 8px !important;}\u00bb uncode_shortcode_id=\u00bb123453&#8243;]<\/p>\n<p style=\"text-align: center;\"><strong><span style=\"color: #008000;\">SE HAN PUBLICADO LA\u00a0 <a class=\"cursor-init\" style=\"color: #008000;\" href=\"https:\/\/iesnapa.educacion.navarra.es\/web\/wp-content\/uploads\/2025\/08\/OF-54-2025-Organ-Implant-Horario-y-Evaluacion-EBPA.pdf\">ORDEN FORAL\u00a0 54\/2025<\/a> y EL <a class=\"cursor-init\" style=\"color: #008000;\" href=\"https:\/\/iesnapa.educacion.navarra.es\/web\/wp-content\/uploads\/2025\/08\/DF-51-2025-ORDENACION-Y-CURRICULO-EBPA.pdf\">DECRETO FORAL 51\/2025,<\/a> legislaci\u00f3n que adapta la ESPA a la normativa LOMLOE<\/span><\/strong><\/p>\n<p><span style=\"color: #808080;\"><span style=\"color: #333333;\">La publicaci\u00f3n de la nueva normativa supone importantes cambios en la organizaci\u00f3n, estructura y evaluaci\u00f3n de la secundaria para adultos (la ESPA), sobre todo para quienes ya ha iniciado sus estudios en esta modalidad educativa. La principal novedad es que, a partir de ahora, <strong>la matr\u00edcula no se efect\u00faa por asignaturas, sino por \u00e1mbitos. <\/strong>Puedes ver m\u00e1s informaci\u00f3n <a href=\"https:\/\/iesnapa.educacion.navarra.es\/web\/blog\/novedades-espa\/\">aqu\u00ed<\/a><strong>.<\/strong><\/span><\/span><\/p>\n<p>Si puedes acreditar estudios de primaria o secundaria podr\u00e1s matricularte en la ESPA tomando como referencia el cuadro de equivalencias que se recoge en el <strong>Anexo IV<\/strong> de la <a href=\"https:\/\/iesnapa.educacion.navarra.es\/web\/wp-content\/uploads\/2025\/08\/DF-51-2025-ORDENACION-Y-CURRICULO-EBPA.pdf\">Orden Foral 51\/2025<\/a>.<\/p>\n<p>Si no tienes documentaci\u00f3n, deber\u00e1s realizar unas pruebas de nivel, la llamada prueba de valoraci\u00f3n inicial de aprendizajes o <span style=\"color: #0000ff;\"><a style=\"color: #0000ff;\" href=\"https:\/\/iesnapa.educacion.navarra.es\/web\/wp-content\/uploads\/2025\/11\/INFOR_MATR_PRUEBA_VIA-2.docx\">Prueba VIA<\/a><\/span>.<\/p>\n<p>La finalidad de estas pruebas es comprobar el nivel del alumno en las materias m\u00e1s determinantes de la ESPA (lengua castellana, matem\u00e1ticas e idioma extranjero) y as\u00ed indicar al alumno en qu\u00e9 curso matricularse (o en qu\u00e9 cursos, seg\u00fan materias).<\/p>\n<p>Tambi\u00e9n deber\u00e1n realizar las pruebas VIA:<\/p>\n<ul>\n<li>Quienes hayan dejado los estudios hace tiempo.<\/li>\n<li>Quienes hayan estudiado en el extranjero y no tengan convalidados sus estudios.<\/li>\n<li>Quienes, habiendo estudiado en el extranjero, accedieron a un curso de la ESO a su llegada a Espa\u00f1a y no lo aprobaron.<\/li>\n<li>Los alumnos procedentes de un PCPI, un Taller Profesional o Formaci\u00f3n Profesional B\u00e1sica.<\/li>\n<li>Quienes presenten certificaci\u00f3n de Graduado Escolar.<\/li>\n<\/ul>\n<p>Para realizar las pruebas VIA ser\u00e1 necesario inscribirse <a href=\"https:\/\/iesnapa.educacion.navarra.es\/web\/wp-content\/uploads\/2025\/11\/INFOR_MATR_PRUEBA_VIA-2.docx\">en el plazo correspondiente<\/a> (en agosto-septiembre y en diciembre-enero).[\/vc_column_text][vc_accordion typography=\u00bbyes\u00bb active_tab=\u00bbno\u00bb][vc_accordion_tab gutter_size=\u00bb2&#8243; column_padding=\u00bb2&#8243; title=\u00bbEstructura y contenido de las pruebas VIA\u00bb tab_id=\u00bb1604320573-1-4316058236929761605824282081&#8243;][vc_column_text css=\u00bb.vc_custom_1607974598106{margin-top: 8px !important;}\u00bb]<strong>1\u00ba ) Pruebas de Lengua Espa\u00f1ola e Idioma Extranjero (se podr\u00e1 elegir entre franc\u00e9s o ingl\u00e9s). Duraci\u00f3n: 1,5 horas.<\/strong><\/p>\n<p>La prueba de Lengua constar\u00e1 de un texto (probablemente relativo a la actualidad informativa) seguido de una serie de preguntas que servir\u00e1n para medir las competencias b\u00e1sicas del alumno en compresi\u00f3n lectora y expresi\u00f3n escrita. Se requiere un nivel aceptable de cultura general para poder responder a dichas preguntas.<br \/>\nLa prueba de ingl\u00e9s tendr\u00e1 tres partes, que consistir\u00e1n en:<\/p>\n<ol>\n<li>Responder a preguntas de diversos tiempos verbales (What do you do?, What time do you get up?, What did you do yesterday?, What have you had for breakfast?).<\/li>\n<li>Responder a preguntas de comprensi\u00f3n sobre un texto breve.<\/li>\n<li>Redactar entre 50 y 60 palabras sobre un tema (hobbies, my family, my life, etc\u2026)<br \/>\nLa prueba de franc\u00e9s incluir\u00e1 la traducci\u00f3n de un texto al castellano, algunas preguntas de gram\u00e1tica sobre el mismo texto (como el cambio del tiempo de unos verbos) y una redacci\u00f3n.<\/li>\n<\/ol>\n<p><strong>2\u00ba ) Prueba de \u00c1mbito cient\u00edfico-tecnol\u00f3gico. Duraci\u00f3n: 2 horas.<\/strong><\/p>\n<p>En la prueba de Matem\u00e1ticas se propondr\u00e1n ejercicios y problemas de los siguientes temas: N\u00fameros naturales, enteros y fracciones. Operaciones. \u2013Potencias de n\u00fameros enteros. Operaciones. \u2013 Ra\u00edces: Suma, resta, multiplicaci\u00f3n y racionalizaci\u00f3n. \u2013Expresiones algebraicas, polinomios, ecuaciones y sistemas de ecuaciones. \u00c1reas de figuras planas. \u2013Gr\u00e1ficas de la recta y la par\u00e1bola. \u2013Estad\u00edstica: Tablas, gr\u00e1ficas, par\u00e1metros estad\u00edsticos (media, mediana, moda, recorrido, desviaciones y varianza). \u2013Probabilidad. Ley de Laplace.[\/vc_column_text][\/vc_accordion_tab][\/vc_accordion][vc_custom_heading heading_semantic=\u00bbh3&#8243; text_size=\u00bbh3&#8243; el_id=\u00bbque-se-estudia\u00bb]<\/p>\n<pre><span class=\"heading-text-highlight \" data-atts='{\"bg\":\"style-subrayado-titulos-bg\",\"height\":\"13%\",\"offset\":\"0.0em\",\"opacity\":\"1\",\"animated\":\"yes\"}'>\u00bfQu\u00e9 se estudia en la ESPA?<\/span>\r\n<\/pre>\n<p>[\/vc_custom_heading][vc_column_text css=\u00bb.vc_custom_1605003788670{margin-top: 8px !important;}\u00bb]En cada curso de Ense\u00f1anza Secundaria de Personas Adultas (ESPA) se estudian estas asignaturas o m\u00f3dulos:<\/p>\n<ul>\n<li>\u00c1mbito de la Comunicaci\u00f3n: Lengua Castellana y Literatura, Ingl\u00e9s \/ Franc\u00e9s.<\/li>\n<li>\u00c1mbito Cient\u00edfico-tecnol\u00f3gico: Matem\u00e1ticas y Ciencias de la Naturaleza (F\u00edsica y Qu\u00edmica en 4\u00ba)<\/li>\n<li>\u00c1mbito del Medio Social: Geograf\u00eda e Historia.<\/li>\n<\/ul>\n<p>[\/vc_column_text][vc_custom_heading heading_semantic=\u00bbh3&#8243; text_size=\u00bbh3&#8243; el_id=\u00bbcomo-se-organiza\u00bb]<\/p>\n<pre><span class=\"heading-text-highlight \" data-atts='{\"bg\":\"style-subrayado-titulos-bg\",\"height\":\"13%\",\"offset\":\"0.0em\",\"opacity\":\"1\",\"animated\":\"yes\"}'>\u00bfC\u00f3mo est\u00e1 organizada la ESPA?<\/span>\r\n<\/pre>\n<p>[\/vc_custom_heading][vc_column_text css=\u00bb.vc_custom_1604921744819{margin-top: 8px !important;}\u00bb]En ESPA hay cuatro cursos, equivalentes a los de la ESO, con una duraci\u00f3n cuatrimestral (en febrero termina un curso y comienza otro). 1\u00ba y 2\u00ba constituyen el Nivel I, 3\u00ba y 4\u00ba el Nivel II.[\/vc_column_text][vc_accordion typography=\u00bbyes\u00bb active_tab=\u00bbno\u00bb][vc_accordion_tab gutter_size=\u00bb2&#8243; column_padding=\u00bb2&#8243; title=\u00bba) Ense\u00f1anza presencial\u00bb tab_id=\u00bb1604921835-1-10&#8243;][vc_column_text]Los alumnos de ESPA pueden matricularse en la modalidad de ense\u00f1anza presencial. Esta modalidad se cursa mediante clases convencionales, de una hora de duraci\u00f3n (quince a la semana). La asistencia a las clases es obligatoria.<\/p>\n<p>En esta modalidad hay dos turnos, de ma\u00f1ana y de tarde.[\/vc_column_text][\/vc_accordion_tab][vc_accordion_tab gutter_size=\u00bb2&#8243; column_padding=\u00bb2&#8243; title=\u00bbb) Ense\u00f1anza a distancia tutorizada\u00bb tab_id=\u00bb1604921835-2-77&#8243;][vc_column_text]En esta modalidad de ense\u00f1anza la asistencia a las clases o tutor\u00edas colectivas (una por asignatura a la semana) no es obligatoria. El alumno cuenta con la atenci\u00f3n personal del profesor en las tutor\u00edas individuales, para recibir orientaciones sobre la materia y su estudio, resolver dudas, etc.<\/p>\n<p>Las tutor\u00edas colectivas tienen horario de tarde para 1\u00ba y 2\u00ba de la ESPA y de ma\u00f1ana y tarde para 3\u00ba y 4\u00ba de la ESPA.[\/vc_column_text][\/vc_accordion_tab][\/vc_accordion][\/vc_column][\/vc_row][vc_row][vc_column width=\u00bb1\/1&#8243;][uncode_block id=\u00bb448&#8243;][\/vc_column][\/vc_row]<\/p>\n<\/div>","protected":false},"excerpt":{"rendered":"<p>La Educaci\u00f3n Secundaria para Personas Adultas (ESPA) permite obtener el t\u00edtulo de Graduado en Educaci\u00f3n Secundaria Obligatoria (ESO) a los mayores de 18 a\u00f1os y a los mayores de 16 a\u00f1os con contrato de trabajo o que sean deportistas de alto rendimiento.<\/p>\n","protected":false},"author":1,"featured_media":0,"parent":444,"menu_order":0,"comment_status":"closed","ping_status":"closed","template":"","meta":{"footnotes":""},"class_list":["post-61","page","type-page","status-publish","hentry","page_category-oferta-educativa"],"_links":{"self":[{"href":"https:\/\/iesnapa.educacion.navarra.es\/web\/wp-json\/wp\/v2\/pages\/61"}],"collection":[{"href":"https:\/\/iesnapa.educacion.navarra.es\/web\/wp-json\/wp\/v2\/pages"}],"about":[{"href":"https:\/\/iesnapa.educacion.navarra.es\/web\/wp-json\/wp\/v2\/types\/page"}],"author":[{"embeddable":true,"href":"https:\/\/iesnapa.educacion.navarra.es\/web\/wp-json\/wp\/v2\/users\/1"}],"replies":[{"embeddable":true,"href":"https:\/\/iesnapa.educacion.navarra.es\/web\/wp-json\/wp\/v2\/comments?post=61"}],"version-history":[{"count":137,"href":"https:\/\/iesnapa.educacion.navarra.es\/web\/wp-json\/wp\/v2\/pages\/61\/revisions"}],"predecessor-version":[{"id":5625,"href":"https:\/\/iesnapa.educacion.navarra.es\/web\/wp-json\/wp\/v2\/pages\/61\/revisions\/5625"}],"up":[{"embeddable":true,"href":"https:\/\/iesnapa.educacion.navarra.es\/web\/wp-json\/wp\/v2\/pages\/444"}],"wp:attachment":[{"href":"https:\/\/iesnapa.educacion.navarra.es\/web\/wp-json\/wp\/v2\/media?parent=61"}],"curies":[{"name":"wp","href":"https:\/\/api.w.org\/{rel}","templated":true}]}}