{"id":823,"date":"2023-10-08T13:38:08","date_gmt":"2023-10-08T11:38:08","guid":{"rendered":"https:\/\/iesnapa.educacion.navarra.es\/web\/?page_id=823"},"modified":"2025-10-09T11:10:19","modified_gmt":"2025-10-09T09:10:19","slug":"guias-del-curso","status":"publish","type":"page","link":"https:\/\/iesnapa.educacion.navarra.es\/web\/acceso-a-alumnos\/guias-del-curso\/","title":{"rendered":"Gu\u00edas del curso"},"content":{"rendered":"<div class=\"wpb-content-wrapper\"><p>[vc_row row_height_percent=\u00bb0&#8243; override_padding=\u00bbyes\u00bb h_padding=\u00bb5&#8243; top_padding=\u00bb2&#8243; bottom_padding=\u00bb2&#8243; back_color=\u00bbarena-urabayen\u00bb overlay_alpha=\u00bb50&#8243; gutter_size=\u00bb3&#8243; column_width_percent=\u00bb100&#8243; shift_y=\u00bb0&#8243; z_index=\u00bb0&#8243; el_class=\u00bbinforma\u00bb][vc_column column_width_percent=\u00bb100&#8243; gutter_size=\u00bb3&#8243; overlay_alpha=\u00bb50&#8243; shift_x=\u00bb0&#8243; shift_y=\u00bb0&#8243; shift_y_down=\u00bb0&#8243; z_index=\u00bb0&#8243; medium_width=\u00bb0&#8243; mobile_width=\u00bb0&#8243; width=\u00bb1\/1&#8243;][vc_column_text uncode_shortcode_id=\u00bb104897&#8243;]<strong>Las gu\u00edas del curso recogen informaci\u00f3n relativa a la planificaci\u00f3n del curso:<\/strong> el calendario escolar, horarios de clase, tutor\u00edas y el fechas de los ex\u00e1menes. Adem\u00e1s de otra informaci\u00f3n complementaria.[\/vc_column_text][vc_column_text uncode_shortcode_id=\u00bb203179&#8243;]<strong>Curso 2025-26<\/strong><\/p>\n<p><a href=\"https:\/\/drive.google.com\/file\/d\/1B6oCG1mQvri45YrikdGqly01Cd631z0A\/view?usp=sharing\">ESPA<\/a><\/p>\n<p><a href=\"https:\/\/drive.google.com\/file\/d\/1mRPkYZUhqrPKc8xlaLz8taEgJxQeOrCT\/view?usp=sharing\">Bachillerato<\/a><\/p>\n<p><a href=\"https:\/\/drive.google.com\/file\/d\/10777PkvJIv0JIUL0uQeEsF4YmtlLtbzE\/view?usp=sharing\">Curso de acceso a ciclos de Grado Medio<\/a><\/p>\n<p><a href=\"https:\/\/drive.google.com\/file\/d\/1Bm0EQCA0Gp6fzvJieKl_kq1rN-iYuncn\/view?usp=drive_link\">Curso de acceso a ciclos de Grado Superior<\/a><\/p>\n<p>Acceso a la universidad +25 y +45 a\u00f1os[\/vc_column_text][\/vc_column][\/vc_row][vc_row row_height_percent=\u00bb0&#8243; override_padding=\u00bbyes\u00bb h_padding=\u00bb5&#8243; top_padding=\u00bb2&#8243; bottom_padding=\u00bb2&#8243; overlay_alpha=\u00bb50&#8243; gutter_size=\u00bb2&#8243; column_width_percent=\u00bb100&#8243; shift_y=\u00bb0&#8243; z_index=\u00bb0&#8243;][vc_column column_width_percent=\u00bb100&#8243; position_vertical=\u00bbmiddle\u00bb gutter_size=\u00bb3&#8243; back_color=\u00bbmorado-degradado\u00bb overlay_color=\u00bbblanco\u00bb overlay_alpha=\u00bb50&#8243; border_color=\u00bbmorado-urabayen\u00bb border_style=\u00bbsolid\u00bb shift_x=\u00bb0&#8243; shift_y=\u00bb0&#8243; shift_y_down=\u00bb0&#8243; z_index=\u00bb0&#8243; medium_width=\u00bb0&#8243; mobile_width=\u00bb0&#8243; width=\u00bb1\/1&#8243; css=\u00bb.vc_custom_1605786489635{border-top-width: 3px !important;border-right-width: 3px !important;border-bottom-width: 3px !important;border-left-width: 3px !important;}\u00bb][vc_column_text uncode_shortcode_id=\u00bb221357&#8243;]<strong>IMPORTANTE<\/strong><br \/>\nEs un documento elaborado al principio del curso. Las fechas y los horarios de los ex\u00e1menes, o las aulas en las que se imparten las clases, pueden experimentar ligeros cambios con respecto a lo que figura en las Gu\u00edas. Es importante para el alumnado, por ello, que consulte el apartado de la p\u00e1gina web ACCESO ALUMMNOS, donde se ofrece la informaci\u00f3n actualizada (en el caso de los ex\u00e1menes, con al menos quince d\u00edas de antelaci\u00f3n).[\/vc_column_text][\/vc_column][\/vc_row]<\/p>\n<\/div>","protected":false},"excerpt":{"rendered":"<p>En estas gu\u00edas se recoge toda la informaci\u00f3n del curso 2025-2026. Rev\u00edsalas con frecuencia.<\/p>\n","protected":false},"author":1,"featured_media":792,"parent":789,"menu_order":0,"comment_status":"closed","ping_status":"closed","template":"","meta":{"footnotes":""},"class_list":["post-823","page","type-page","status-publish","has-post-thumbnail","hentry","page_category-acceso-a-alumnos"],"_links":{"self":[{"href":"https:\/\/iesnapa.educacion.navarra.es\/web\/wp-json\/wp\/v2\/pages\/823"}],"collection":[{"href":"https:\/\/iesnapa.educacion.navarra.es\/web\/wp-json\/wp\/v2\/pages"}],"about":[{"href":"https:\/\/iesnapa.educacion.navarra.es\/web\/wp-json\/wp\/v2\/types\/page"}],"author":[{"embeddable":true,"href":"https:\/\/iesnapa.educacion.navarra.es\/web\/wp-json\/wp\/v2\/users\/1"}],"replies":[{"embeddable":true,"href":"https:\/\/iesnapa.educacion.navarra.es\/web\/wp-json\/wp\/v2\/comments?post=823"}],"version-history":[{"count":49,"href":"https:\/\/iesnapa.educacion.navarra.es\/web\/wp-json\/wp\/v2\/pages\/823\/revisions"}],"predecessor-version":[{"id":5491,"href":"https:\/\/iesnapa.educacion.navarra.es\/web\/wp-json\/wp\/v2\/pages\/823\/revisions\/5491"}],"up":[{"embeddable":true,"href":"https:\/\/iesnapa.educacion.navarra.es\/web\/wp-json\/wp\/v2\/pages\/789"}],"wp:featuredmedia":[{"embeddable":true,"href":"https:\/\/iesnapa.educacion.navarra.es\/web\/wp-json\/wp\/v2\/media\/792"}],"wp:attachment":[{"href":"https:\/\/iesnapa.educacion.navarra.es\/web\/wp-json\/wp\/v2\/media?parent=823"}],"curies":[{"name":"wp","href":"https:\/\/api.w.org\/{rel}","templated":true}]}}

Guías del curso

<div class="wpb-content-wrapper"><p>[vc_row row_height_percent=»0&#8243; override_padding=»yes» h_padding=»5&#8243; top_padding=»2&#8243; bottom_padding=»2&#8243; back_color=»arena-urabayen» overlay_alpha=»50&#8243; gutter_size=»3&#8243; column_width_percent=»100&#8243; shift_y=»0&#8243; z_index=»0&#8243; el_class=»informa»][vc_column column_width_percent=»100&#8243; gutter_size=»3&#8243; overlay_alpha=»50&#8243; shift_x=»0&#8243; shift_y=»0&#8243; shift_y_down=»0&#8243; z_index=»0&#8243; medium_width=»0&#8243; mobile_width=»0&#8243; width=»1/1&#8243;][vc_column_text uncode_shortcode_id=»104897&#8243;]<strong>Las guías del curso recogen información relativa a la planificación del curso:</strong> el calendario escolar, horarios de clase, tutorías y el fechas de los exámenes. Además de otra información complementaria.[/vc_column_text][vc_column_text uncode_shortcode_id=»203179&#8243;]<strong>Curso 2025-26</strong></p>
<p><a href="https://drive.google.com/file/d/1B6oCG1mQvri45YrikdGqly01Cd631z0A/view?usp=sharing">ESPA</a></p>
<p><a href="https://drive.google.com/file/d/1mRPkYZUhqrPKc8xlaLz8taEgJxQeOrCT/view?usp=sharing">Bachillerato</a></p>
<p><a href="https://drive.google.com/file/d/10777PkvJIv0JIUL0uQeEsF4YmtlLtbzE/view?usp=sharing">Curso de acceso a ciclos de Grado Medio</a></p>
<p><a href="https://drive.google.com/file/d/1Bm0EQCA0Gp6fzvJieKl_kq1rN-iYuncn/view?usp=drive_link">Curso de acceso a ciclos de Grado Superior</a></p>
<p>Acceso a la universidad +25 y +45 años[/vc_column_text][/vc_column][/vc_row][vc_row row_height_percent=»0&#8243; override_padding=»yes» h_padding=»5&#8243; top_padding=»2&#8243; bottom_padding=»2&#8243; overlay_alpha=»50&#8243; gutter_size=»2&#8243; column_width_percent=»100&#8243; shift_y=»0&#8243; z_index=»0&#8243;][vc_column column_width_percent=»100&#8243; position_vertical=»middle» gutter_size=»3&#8243; back_color=»morado-degradado» overlay_color=»blanco» overlay_alpha=»50&#8243; border_color=»morado-urabayen» border_style=»solid» shift_x=»0&#8243; shift_y=»0&#8243; shift_y_down=»0&#8243; z_index=»0&#8243; medium_width=»0&#8243; mobile_width=»0&#8243; width=»1/1&#8243; css=».vc_custom_1605786489635{border-top-width: 3px !important;border-right-width: 3px !important;border-bottom-width: 3px !important;border-left-width: 3px !important;}»][vc_column_text uncode_shortcode_id=»221357&#8243;]<strong>IMPORTANTE</strong><br />
Es un documento elaborado al principio del curso. Las fechas y los horarios de los exámenes, o las aulas en las que se imparten las clases, pueden experimentar ligeros cambios con respecto a lo que figura en las Guías. Es importante para el alumnado, por ello, que consulte el apartado de la página web ACCESO ALUMMNOS, donde se ofrece la información actualizada (en el caso de los exámenes, con al menos quince días de antelación).[/vc_column_text][/vc_column][/vc_row]</p>
</div>

<p>En estas guías se recoge toda la información del curso 2025-2026. Revísalas con frecuencia.</p>
