{"id":846,"date":"2025-10-08T09:36:59","date_gmt":"2025-10-08T07:36:59","guid":{"rendered":"https:\/\/iesnapa.educacion.navarra.es\/web\/?page_id=846"},"modified":"2025-10-09T13:10:35","modified_gmt":"2025-10-09T11:10:35","slug":"libros-de-texto","status":"publish","type":"page","link":"https:\/\/iesnapa.educacion.navarra.es\/web\/acceso-a-alumnos\/libros-de-texto\/","title":{"rendered":"Libros del curso 2025-2026"},"content":{"rendered":"<div class=\"wpb-content-wrapper\"><p>[vc_row row_height_percent=\u00bb0&#8243; override_padding=\u00bbyes\u00bb h_padding=\u00bb5&#8243; top_padding=\u00bb2&#8243; bottom_padding=\u00bb2&#8243; back_color=\u00bbarena-urabayen\u00bb overlay_alpha=\u00bb50&#8243; gutter_size=\u00bb3&#8243; column_width_percent=\u00bb100&#8243; shift_y=\u00bb0&#8243; z_index=\u00bb0&#8243; el_class=\u00bbinforma\u00bb][vc_column column_width_percent=\u00bb100&#8243; gutter_size=\u00bb3&#8243; overlay_alpha=\u00bb50&#8243; shift_x=\u00bb0&#8243; shift_y=\u00bb0&#8243; shift_y_down=\u00bb0&#8243; z_index=\u00bb0&#8243; medium_width=\u00bb0&#8243; mobile_width=\u00bb0&#8243; width=\u00bb1\/1&#8243; uncode_shortcode_id=\u00bb158473&#8243;][vc_custom_heading heading_semantic=\u00bbh3&#8243; text_size=\u00bbh3&#8243; uncode_shortcode_id=\u00bb291684&#8243;]<\/p>\n<pre><span class=\"heading-text-highlight \" data-atts='{\"bg\":\"style-subrayado-titulos-bg\",\"height\":\"13%\",\"offset\":\"0.0em\",\"opacity\":\"1\",\"animated\":\"yes\"}'>Libros de ESPA<\/span><\/pre>\n<p>[\/vc_custom_heading][vc_row_inner row_inner_height_percent=\u00bb0&#8243; overlay_alpha=\u00bb50&#8243; gutter_size=\u00bb2&#8243; shift_y=\u00bb0&#8243; z_index=\u00bb0&#8243; uncode_shortcode_id=\u00bb278686&#8243; limit_content=\u00bb\u00bb][vc_column_inner width=\u00bb1\/2&#8243;][vc_accordion typography=\u00bbyes\u00bb active_tab=\u00bbno\u00bb][vc_accordion_tab gutter_size=\u00bb2&#8243; column_padding=\u00bb2&#8243; title=\u00bb1\u00ba ESPA\u00bb tab_id=\u00bb1606155431-1-18160665445026416066547969161606733752974&#8243;][vc_column_text uncode_shortcode_id=\u00bb130665&#8243;]<\/p>\n<p><strong><span style=\"text-decoration: underline; color: #800000;\">\u00c1mbito Cient\u00edfico-Tecnol\u00f3gico:<\/span><\/strong><\/p>\n<p><strong><u>Ciencias Naturales<\/u> <\/strong><\/p>\n<p>El material ser\u00e1 proporcionado por la profesora. Estar\u00e1 disponible en el aula virtual.<\/p>\n<p><strong><u>Matem\u00e1ticas<\/u><\/strong><\/p>\n<p>El material estar\u00e1 disponible en el aula virtual.<\/p>\n<p><strong><span style=\"color: #800000;\">\u00c1mbito de la Comunicaci\u00f3n:<\/span><\/strong><\/p>\n<p><strong><u>Franc\u00e9s<\/u><\/strong><\/p>\n<p>Diaporama Lyc\u00e9e 1, \u00c9ditions Maison des langues. ISBN 9788411573986.<\/p>\n<p><strong><u>Ingl\u00e9s<\/u><\/strong><\/p>\n<p><em>English for Adults Today 1 <\/em>(units 1-5). Autor\/a: Lauren Rose. Editorial Burlington Books ISBN 978-9963-273-76-8. Los libros de lectura obligatoria est\u00e1n disponibles en la Biblioteca del instituto.<\/p>\n<p><strong><u>Lengua<\/u><\/strong><\/p>\n<p>El material ser\u00e1 proporcionado por el profesorado y estar\u00e1 disponible en el Aula Virtual.<\/p>\n<p><strong><span style=\"color: #800000;\">\u00c1mbito\u00a0 Social:<\/span><\/strong><\/p>\n<p><strong><u>Sociales<\/u><\/strong><\/p>\n<p>El material ser\u00e1 proporcionado por el profesorado y estar\u00e1 disponible en el Aula Virtual.<\/p>\n<p>[\/vc_column_text][\/vc_accordion_tab][\/vc_accordion][\/vc_column_inner][vc_column_inner width=\u00bb1\/2&#8243;][vc_accordion typography=\u00bbyes\u00bb active_tab=\u00bbno\u00bb][vc_accordion_tab gutter_size=\u00bb2&#8243; column_padding=\u00bb2&#8243; title=\u00bb2\u00ba ESPA\u00bb tab_id=\u00bb1606155431-1-181606654450264160665479691616066554439241606733752974&#8243;][vc_column_text uncode_shortcode_id=\u00bb212524&#8243;]<\/p>\n<p><strong><span style=\"color: #800000;\"><u>\u00c1mbito Cient\u00edfico-Tecnol\u00f3gico:<\/u><\/span><\/strong><\/p>\n<p><span style=\"text-decoration: underline;\"><b>F\u00edsica y Qu\u00edmica<\/b><\/span><\/p>\n<p>El material ser\u00e1 proporcionado por el profesorado. Estar\u00e1 disponible en el aula virtual.<\/p>\n<p><strong><u>Matem\u00e1ticas<\/u><\/strong><\/p>\n<p>El material estar\u00e1 disponible en el aula virtual.<\/p>\n<p><span style=\"text-decoration: underline;\"><strong><span style=\"color: #800000; text-decoration: underline;\">\u00c1mbito de la Comunicaci\u00f3n:<\/span><\/strong><\/span><\/p>\n<p><strong><u>Franc\u00e9s<\/u><\/strong><\/p>\n<p>Diaporama Lyc\u00e9e 1, \u00c9ditions Maison des langues. ISBN 9788411573986.<\/p>\n<p><strong><u>Ingl\u00e9s<\/u><\/strong><\/p>\n<p><em>English for Adults Today 1<\/em>. (units 5-10) Autor\/a: Lauren Rose. Editorial Burlington Books ISBN 978-9963-273-76-8. Los libros de lectura est\u00e1n disponibles en la Biblioteca del instituto.<\/p>\n<p><strong><u>Lengua<\/u><\/strong><\/p>\n<p>El material ser\u00e1 proporcionado por el profesorado y estar\u00e1 disponible en el Aula Virtual.<\/p>\n<p><span style=\"text-decoration: underline;\"><strong><span style=\"color: #800000; text-decoration: underline;\">\u00c1mbito\u00a0 Social:<\/span><\/strong><\/span><\/p>\n<p><strong><u>Sociales<\/u><\/strong><\/p>\n<p>El material ser\u00e1 proporcionado por el profesorado y estar\u00e1 disponible en el Aula Virtual.<\/p>\n<p>[\/vc_column_text][\/vc_accordion_tab][\/vc_accordion][\/vc_column_inner][\/vc_row_inner][vc_row_inner row_inner_height_percent=\u00bb0&#8243; overlay_alpha=\u00bb50&#8243; gutter_size=\u00bb2&#8243; shift_y=\u00bb0&#8243; z_index=\u00bb0&#8243; css=\u00bb.vc_custom_1606734045605{margin-top: 18px !important;}\u00bb limit_content=\u00bb\u00bb][vc_column_inner width=\u00bb1\/2&#8243;][vc_accordion typography=\u00bbyes\u00bb active_tab=\u00bbno\u00bb][vc_accordion_tab gutter_size=\u00bb2&#8243; column_padding=\u00bb2&#8243; title=\u00bb3\u00ba ESPA\u00bb tab_id=\u00bb1606735146905-1-9&#8243;][vc_column_text uncode_shortcode_id=\u00bb128878&#8243;]<\/p>\n<p><strong><span style=\"color: #800000;\"><u>\u00c1mbito Cient\u00edfico-Tecnol\u00f3gico:<\/u><\/span><\/strong><\/p>\n<p><strong><u>Naturaleza y Salud<\/u> <\/strong><\/p>\n<p>El material ser\u00e1 proporcionado por la profesora. Estar\u00e1 disponible en el aula virtual.<\/p>\n<p><strong><u>Matem\u00e1ticas<\/u><\/strong><\/p>\n<p>El material estar\u00e1 disponible en el aula virtual.<\/p>\n<p><strong><span style=\"color: #800000;\">\u00c1mbito de la Comunicaci\u00f3n:<\/span><\/strong><\/p>\n<p><strong><u>Franc\u00e9s<\/u><\/strong><\/p>\n<p>Diaporama Lyc\u00e9e 2, \u00c9ditions Maison des langues. ISBN 9788411574006.<\/p>\n<p><strong><u>Ingl\u00e9s<\/u><\/strong><\/p>\n<p><em>English for Adults Today 2 <\/em>(Units 1-5). Lauren Rose. Editorial Burlington Books ISBN 9789925-30-153-9. Los libros de lectura obligatoria est\u00e1n disponibles en la Biblioteca.<\/p>\n<p><strong><u>Lengua<\/u><\/strong><\/p>\n<p>El material ser\u00e1 proporcionado por el profesorado y estar\u00e1 disponible en el Aula Virtual.<\/p>\n<p><strong><span style=\"color: #800000;\">\u00c1mbito Social:<\/span><\/strong><\/p>\n<p><strong><u>Sociales<\/u><\/strong><\/p>\n<p>El material ser\u00e1 proporcionado por el profesorado y estar\u00e1 disponible en el Aula Virtual.<\/p>\n<p>[\/vc_column_text][\/vc_accordion_tab][\/vc_accordion][\/vc_column_inner][vc_column_inner width=\u00bb1\/2&#8243;][vc_accordion typography=\u00bbyes\u00bb active_tab=\u00bbno\u00bb][vc_accordion_tab gutter_size=\u00bb2&#8243; column_padding=\u00bb2&#8243; title=\u00bb4\u00ba ESPA\u00bb tab_id=\u00bb1606735490731-1-7&#8243;][vc_column_text uncode_shortcode_id=\u00bb288617&#8243;]<\/p>\n<p><strong><span style=\"color: #800000;\"><u>\u00c1mbito Cient\u00edfico-Tecnol\u00f3gico:<\/u><\/span><\/strong><\/p>\n<p><strong><u>F\u00edsica y Qu\u00edmica<\/u><\/strong><\/p>\n<p>El material ser\u00e1 proporcionado por el profesorado. Estar\u00e1 disponible en el aula virtual.<\/p>\n<p><strong><u>Matem\u00e1ticas<\/u><\/strong><\/p>\n<p>El material estar\u00e1 disponible en el aula virtual.<\/p>\n<p><strong><span style=\"color: #800000;\">\u00c1mbito de la Comunicaci\u00f3n:<\/span><\/strong><\/p>\n<p><strong><u>Franc\u00e9s<\/u><\/strong><\/p>\n<p>Diaporama Lyc\u00e9e 2, \u00c9ditions Maison des langues. ISBN 9788411574006.<\/p>\n<p><strong><u>Ingl\u00e9s<\/u><\/strong><\/p>\n<p><em>English for Adults Today 2 <\/em>(Units 6 &#8211; 10). Lauren Rose. Editorial Burlington Books ISBN 9789925-30-153-9.<\/p>\n<p>Los libros de lectura obligatoria est\u00e1n disponibles en la Biblioteca.<\/p>\n<p><strong><u>Lengua<\/u><\/strong><\/p>\n<p>El material ser\u00e1 proporcionado por el profesorado y estar\u00e1 disponible en el Aula Virtual.<\/p>\n<p><strong><span style=\"text-decoration: underline; color: #800000;\">\u00c1mbito Social:<\/span><\/strong><\/p>\n<p><strong><u>Sociales<\/u><\/strong><\/p>\n<p>El material ser\u00e1 proporcionado por el profesorado y estar\u00e1 disponible en el Aula Virtual.<\/p>\n<p>[\/vc_column_text][\/vc_accordion_tab][\/vc_accordion][\/vc_column_inner][\/vc_row_inner][vc_separator sep_color=\u00bbblanco\u00bb el_width=\u00bb100%\u00bb el_height=\u00bb4px\u00bb][vc_custom_heading heading_semantic=\u00bbh3&#8243; text_size=\u00bbh3&#8243;]<\/p>\n<pre><span class=\"heading-text-highlight \" data-atts='{\"bg\":\"style-subrayado-titulos-bg\",\"height\":\"13%\",\"offset\":\"0.0em\",\"opacity\":\"1\",\"animated\":\"yes\"}'>Libros de Bachillerato<\/span><\/pre>\n<p>[\/vc_custom_heading][vc_row_inner row_inner_height_percent=\u00bb0&#8243; overlay_alpha=\u00bb50&#8243; gutter_size=\u00bb2&#8243; shift_y=\u00bb0&#8243; z_index=\u00bb0&#8243; limit_content=\u00bb\u00bb][vc_column_inner width=\u00bb1\/2&#8243;][vc_accordion typography=\u00bbyes\u00bb active_tab=\u00bbno\u00bb][vc_accordion_tab gutter_size=\u00bb2&#8243; column_padding=\u00bb2&#8243; title=\u00bb1\u00ba de BACHILLERATO\u00bb tab_id=\u00bb1606735675851-1-01606735937489&#8243;][vc_column_text uncode_shortcode_id=\u00bb210059&#8243;]<strong><u>Biolog\u00eda-Geolog\u00eda<\/u> <\/strong><\/p>\n<p><i>Biolog\u00eda, Geolog\u00eda y Ciencias Ambientales. Proyecto Construyendo mundos<\/i>. Ed. Santillana. ISB: 978-8468078205.<\/p>\n<p><strong><u>Cultura cient\u00edfica<\/u><\/strong><\/p>\n<p>El material ser\u00e1 proporcionado por la profesora.<\/p>\n<p><strong><u>Cultura cl\u00e1sica<\/u><\/strong><\/p>\n<p>El material ser\u00e1 proporcionado por la profesora.<\/p>\n<p><strong><u>Econom\u00eda I<\/u><\/strong><\/p>\n<p><i>Introducci\u00f3n a la Econom\u00eda <\/i>(de venta en el instituto). Autor: Felipe Besada.<\/p>\n<p><strong><u>Econom\u00eda, emprendimiento y actividad empresarial<\/u><\/strong><\/p>\n<p>El material ser\u00e1 proporcionado por el profesor.<\/p>\n<p><strong><u>Franc\u00e9s<\/u><\/strong><\/p>\n<p>Diaporama Lyc\u00e9e 3, \u00c9ditions Maison des langues. ISBN 9788411574020.<\/p>\n<p><strong><u>Filosof\u00eda<\/u><\/strong><\/p>\n<p>Materiales en el Aula Virtual.<\/p>\n<p><strong><u>F\u00edsica y Qu\u00edmica<\/u><\/strong><\/p>\n<p><i>1.\u00ba Bachillerato F\u00edsica y Qu\u00edmica. Construyendo Mundos<\/i>. ED22. Editorial Santillana. ISBN: 9788468067698.<\/p>\n<p><strong><u>Griego I<\/u><\/strong><\/p>\n<p>Apuntes y m\u00e9todos proporcionados por el profesor y en el Aula Virtual.<\/p>\n<p><strong><u>Historia del mundo contempor\u00e1neo<\/u><\/strong><\/p>\n<p><i>Historia del Mundo Contempor\u00e1neo. Bachillerato 1\u00ba. <\/i>AAVV: C. Gatell Arimont, R. de Miguel Gonz\u00e1lez, etc. Editorial Vicens Vives. ISBN 978\u201084-682-8588-7.<\/p>\n<p><strong><u>Ingl\u00e9s<\/u><\/strong><\/p>\n<p><em>Outlook 1\u00ba Bach<\/em>. Student\u2019s Book. Editorial Burlington Books. ISBN: 978-9925-30-753-1.<\/p>\n<p><strong><u>Lat\u00edn I<\/u><\/strong><\/p>\n<p><em>Lingua Latina per se Illustrata. Familia Romana<\/em>. Autor: Hans Orberg. Editorial Cultura Cl\u00e1sica ISBN: 978-84-935798-5-2 (tambi\u00e9n sirven ediciones anteriores, como la que tiene como ISBN 978-87-997016-5-0).<\/p>\n<p>Diccionario Ilustrado Latino-Espa\u00f1ol\/Espa\u00f1ol-Latino. Editorial Vox. ISBN: 978-84-7154916-8 (sirve cualquier edici\u00f3n).<\/p>\n<p><strong><u>Lengua Castellana y Literatura<\/u><\/strong><\/p>\n<p>El material ser\u00e1 proporcionado por la profesora en el Aula Virtual.<\/p>\n<p><strong><u>Literatura Universal<br \/>\n<\/u><\/strong><\/p>\n<p>El material ser\u00e1 proporcionado por la profesora en el Aula Virtual.<\/p>\n<p><strong><u>Matem\u00e1ticas I<\/u><\/strong><\/p>\n<p><em>Matem\u00e1ticas I<\/em>. Editorial Sahats. Autor: Ram\u00f3n Munsuri Fern\u00e1ndez. (Libro de venta en el centro).<\/p>\n<p><strong><u>Matem\u00e1ticas aplicadas a las Ciencias Sociales<\/u><\/strong><\/p>\n<p><em>Matem\u00e1ticas-Ciencias Sociales<\/em>. Editorial Sahats. Autor: Ram\u00f3n Munsuri Fern\u00e1ndez (de venta en el centro).<\/p>\n<p><strong><u>Matem\u00e1ticas Generales<\/u><\/strong>:<\/p>\n<p>Matem\u00e1ticas generales. Editorial Santillana. Proyecto Construyendo Mundos. ISBN 9788468077642.<\/p>\n<p><strong><u>Religi\u00f3n<\/u><\/strong><\/p>\n<p>Materiales elaborados por el Profesor y en el Aula Virtual.<\/p>\n<p><strong><u>TIC 1 Bachiller<\/u><\/strong><\/p>\n<p>El material ser\u00e1 proporcionado por el profesor.<\/p>\n<p>[\/vc_column_text][\/vc_accordion_tab][\/vc_accordion][\/vc_column_inner][vc_column_inner width=\u00bb1\/2&#8243;][vc_accordion typography=\u00bbyes\u00bb active_tab=\u00bbno\u00bb][vc_accordion_tab gutter_size=\u00bb2&#8243; column_padding=\u00bb2&#8243; title=\u00bb2\u00ba de BACHILLERATO\u00bb tab_id=\u00bb1606735807887-1-81606735950321&#8243;][vc_column_text uncode_shortcode_id=\u00bb204218&#8243;]<strong><u>Biolog\u00eda<\/u><\/strong><\/p>\n<p>Biolog\u00eda de 2\u00ba de bachillerato GENIOXPRO. Editorial Oxford ISBN 978-01-905-4579-6.<\/p>\n<p><strong><u>Ciencias Generales<\/u><\/strong><\/p>\n<p>El material ser\u00e1 proporcionado por la profesora.<\/p>\n<p><strong><u>Ciencias de la Tierra y del Medio Ambiente:<\/u><\/strong><\/p>\n<p>Geolog\u00eda y Ciencias Ambientales. 2\u00ba Bachillerato.Editorial Anaya. ISBN 978-84-143-2979-5<\/p>\n<p><strong><u>Dibujo<\/u><\/strong><\/p>\n<p>Materiales en el Aula Virtual.<\/p>\n<p><strong><u>Econom\u00eda de la Empresa<\/u> <\/strong><\/p>\n<p>El material ser\u00e1 proporcionado por el profesor en el Aula Virtual.<\/p>\n<p><strong><u>Empresa y Dise\u00f1o de Modelos de Negocio<\/u> <\/strong><\/p>\n<p>El material ser\u00e1 proporcionado por el profesor en el Aula Virtual.<\/p>\n<p><strong><u>Franc\u00e9s<\/u><\/strong><\/p>\n<p>Diaporama Lyc\u00e9e 3, \u00c9ditions Maison des langues. ISBN 9788411574020.<\/p>\n<p><strong><u>Filosof\u00eda<\/u><\/strong><\/p>\n<p>HISTORIA DE LA FILOSOF\u00cdA, PROYECTO DE OTRA MANERA. 2<i> \u00ba BACHILLERATO, Editorial Edeb\u00e9. ISBN: <\/i>\u00a0978-84-683-6478-0.<\/p>\n<p><strong><u>F\u00edsica<\/u><\/strong><\/p>\n<p>F\u00edsica 2\u00ba Bachillerato. Construyendo mundos.\u00a0 Editorial Santillana. ISBN: 9788414408728.<\/p>\n<p><strong><u>Geograf\u00eda:<\/u><\/strong><\/p>\n<p><i>Geograf\u00eda. 2\u00ba Bachillerato<\/i>. Editorial Anaya. Autora: M\u00aa Concepci\u00f3n Mu\u00f1oz-Delgado. ISBN: 978-84-143-3217-7.<\/p>\n<p><strong><u>Griego II<\/u><\/strong><\/p>\n<p>Apuntes y m\u00e9todos proporcionados por el profesor y en el Aula Virtual.<\/p>\n<p><strong><u>Historia del Arte<\/u><\/strong><\/p>\n<p>El material ser\u00e1 proporcionado por el profesor y colgado en el aula virtual.<\/p>\n<p><strong><u>Historia de Espa\u00f1a<\/u><\/strong><\/p>\n<p>HE. Historia de Espa\u00f1a. Editorial Vicens Vives. ISBN 978-84-682-9428-5.<\/p>\n<p><strong><u>Ingl\u00e9s<\/u><\/strong><\/p>\n<p><em>Outlook 2\u00ba Bach<\/em>. Student\u2019s Book. Editorial Burlington Books. ISBN: 978-9925-30-763-0. Los libros de lectura est\u00e1n disponibles en la Biblioteca.<\/p>\n<p><strong><u>Lat\u00edn II<\/u><\/strong><\/p>\n<p><em>Lingua Latina per se Illustrata. Familia Romana. <\/em>Autor: Hans Orberg. Editorial Cultura Cl\u00e1sica (el mismo que para 1.\u00ba). ISBN: 978-84-935798-5-2 (tambi\u00e9n sirven ediciones anteriores, como la que tiene como ISBN 978-87-997016-5-0).<\/p>\n<p>Diccionario Ilustrado Latino-Espa\u00f1ol\/Espa\u00f1ol-Latino. Editorial Vox. ISBN: 978-84-7154916-8 (sirve cualquier edici\u00f3n).<\/p>\n<p><strong><u>Lengua Castellana y Literatura<\/u><\/strong><\/p>\n<p>El material ser\u00e1 proporcionado por la profesora en el Aula Virtual.<\/p>\n<p><strong><u>Matem\u00e1ticas II<\/u><\/strong><\/p>\n<p><em>Matem\u00e1ticas II<\/em>. Edit. Sahats. Autores: Javier Egu\u00edlaz y Ram\u00f3n Munsuri. ISBN: 978-84-09-28804-5 (de venta en el centro).<\/p>\n<p><strong><u>Matem\u00e1ticas Ciencias Sociales<\/u><\/strong><\/p>\n<p><em>Matem\u00e1ticas aplicadas a las Ciencias Sociales II<\/em>. Edit. Sahats. Autores: Javier Egu\u00edlaz y Ram\u00f3n Munsuri. ISBN: 978-84-09-29960-7 (de venta en el centro).<\/p>\n<p><strong><u>Qu\u00edmica<\/u><\/strong><\/p>\n<p>Qu\u00edmica de 2\u00ba Bachillerato. Proyecto Construyendo Mundos, Ed. Santillana. ISBN: 978-84-14408735.<\/p>\n<p><strong>***Cualquier otro libro que no venga rese\u00f1ado, ser\u00e1 indicado por el profesor\/a al comienzo de curso***<\/strong>[\/vc_column_text][\/vc_accordion_tab][\/vc_accordion][\/vc_column_inner][\/vc_row_inner][vc_separator sep_color=\u00bbblanco\u00bb el_width=\u00bb100%\u00bb el_height=\u00bb4px\u00bb][vc_custom_heading heading_semantic=\u00bbh3&#8243; text_size=\u00bbh3&#8243; uncode_shortcode_id=\u00bb159790&#8243;]<\/p>\n<pre><span class=\"heading-text-highlight \" data-atts='{\"bg\":\"style-subrayado-titulos-bg\",\"height\":\"13%\",\"offset\":\"0.0em\",\"opacity\":\"1\",\"animated\":\"yes\"}'>Libros de los cursos de Acceso<\/span><\/pre>\n<p>[\/vc_custom_heading][vc_accordion][vc_accordion_tab gutter_size=\u00bb2&#8243; column_padding=\u00bb2&#8243; title=\u00bbCURSO DE ACCESO A GRADO MEDIO\u00bb tab_id=\u00bb1662286280-2-95&#8243;][vc_column_text uncode_shortcode_id=\u00bb144520&#8243;]<strong>Ciencias Naturales<\/strong><\/p>\n<p>Bloque 1: apuntes proporcionados por la profesora en copias y disponibles en el Aula Virtual.<\/p>\n<p>Resto de bloques: Biolog\u00eda, 3\u00ba ESPA. Colecci\u00f3n de textos F\u00e9lix Urabayen. Autora: Isabel Etayo Salazar.<\/p>\n<p>Editorial Sahats (de venta en el instituto).<\/p>\n<p><strong><u>Lengua<\/u><\/strong><\/p>\n<p><span id=\"m_7141026796144581607m_-3958962286400936638gmail-docs-internal-guid-ddef1e5d-7fff-11a5-8298-24cdbf1b94db\">FPB Comunicaci\u00f3n y Sociedad I. Lengua Castellana y Literatura 1. Ed. Editex. ISBN 978-8491613916.<\/span><\/p>\n<p><strong><u>Ingl\u00e9s<\/u><\/strong><\/p>\n<p dir=\"ltr\">English for Adults Today 2. Lauren Rose. Editorial Burlington Books ISBN 978-9925-30-153-9.<\/p>\n<p dir=\"ltr\">Los libros de lectura obligatoria est\u00e1n disponibles en la Biblioteca.<\/p>\n<p><strong><u>Matem\u00e1ticas<\/u><\/strong><\/p>\n<p>Apuntes proporcionados por la profesora en copias y en el Aula Virtual.<\/p>\n<p><strong><u>Sociales<\/u><\/strong><\/p>\n<p>Apuntes proporcionados por el profesor en copias y en el Aula Virtual.<\/p>\n<p><strong><u>Tecnolog\u00eda<\/u><\/strong><\/p>\n<p>El material ser\u00e1 proporcionado por el profesor.<\/p>\n<p>&nbsp;<\/p>\n<p>[\/vc_column_text][\/vc_accordion_tab][vc_accordion_tab gutter_size=\u00bb2&#8243; column_padding=\u00bb2&#8243; title=\u00bbCURSO DE ACCESO A GRADO SUPERIOR\u00bb tab_id=\u00bb1662287195428-2-0&#8243;][vc_column_text uncode_shortcode_id=\u00bb360837&#8243;]<strong><u>Biolog\u00eda<\/u><\/strong><\/p>\n<p>Materiales en Aula virtual.<\/p>\n<p><strong><u>F\u00edsica<\/u><\/strong><\/p>\n<p>El material ser\u00e1 proporcionado por el profesorado. Estar\u00e1 disponible en el aula virtual.<\/p>\n<p><strong><u>Ingl\u00e9s<\/u><\/strong><\/p>\n<p><em>Life Second Edition: Student\u2019s Book Pre-Intermediate<\/em>. Autor: John Hughes, et all.. Editorial National Geographic Learning. ISBN: 978-1-337-28570-4.<\/p>\n<p><strong><u>Lengua espa\u00f1ola<\/u><\/strong><\/p>\n<p>El material ser\u00e1 proporcionado por el profesorado. Estar\u00e1 disponible en el aula virtual.<\/p>\n<p><strong><u>Qu\u00edmica<\/u><\/strong><\/p>\n<p>El material ser\u00e1 proporcionado por el profesorado. Estar\u00e1 disponible en el aula virtual.<\/p>\n<p><strong><u>TIC\u00a0 curso de acceso a grado superior:<\/u><\/strong><\/p>\n<p>Apuntes y tareas proporcionados por el docente en copias y en el Aula Virtual.\u00a0 Necesario seguir el aula virtual de la asignatura.<\/p>\n<p><strong><u>Econom\u00eda de la Empresa<\/u> <\/strong><\/p>\n<p>El material ser\u00e1 proporcionado por el profesor en el Aula Virtual.<\/p>\n<p>El material ser\u00e1 proporcionado por la profesora (modalidad presencial).<\/p>\n<p><strong><u>Matem\u00e1ticas<\/u><\/strong><\/p>\n<p>Apuntes proporcionados por el profesor en copias y en el Aula Virtual.<\/p>\n<p><strong><u>Matem\u00e1ticas Ciencias Sociales<\/u><\/strong><\/p>\n<p>Apuntes proporcionados por el profesor en copias y en el Aula Virtual.<\/p>\n<p><strong><u>Lat\u00edn<\/u><\/strong><\/p>\n<p>El material ser\u00e1 proporcionado por la profesora.<\/p>\n<p><strong><u>Tecnolog\u00eda Industrial Grado Superior<\/u><\/strong><\/p>\n<p>El material ser\u00e1 proporcionado por el profesor.<\/p>\n<p>[\/vc_column_text][\/vc_accordion_tab][vc_accordion_tab gutter_size=\u00bb2&#8243; column_padding=\u00bb2&#8243; tab_id=\u00bb1662288327964-3-10&#8243; title=\u00bbCURSO PREPARATORIO DE ACCESO A LA UNIVERSIDAD PARA MAYORES DE 25 A\u00d1OS\u00bb][vc_column_text uncode_shortcode_id=\u00bb157894&#8243;]<\/p>\n<p><strong><u>Administraci\u00f3n y direcci\u00f3n de empresas<\/u><\/strong><\/p>\n<p>&nbsp;<\/p>\n<p><strong><u>Biolog\u00eda<\/u><\/strong><\/p>\n<p><em>Biolog\u00eda B\u00e1sica<\/em>. Ed. Sanz y Torres. ISBN: 978-84-92948-31-4.<\/p>\n<p><strong><u>Comentario de Texto<\/u><\/strong><\/p>\n<p>No es obligatorio, pero se recomienda el libro:<i> C\u00f3mo hacer un comentario de texto. De la teor\u00eda a la pr\u00e1ctica<\/i>. Editorial Universitaria Ram\u00f3n Areces, ISBN: 978-84-996-13352.<\/p>\n<p><strong><u>F\u00edsica<\/u><\/strong><\/p>\n<p>El material ser\u00e1 proporcionado por la profesora.<\/p>\n<p><strong><u>Historia<\/u>\u00a0 <\/strong><\/p>\n<p>Historia del mundo contemporaneo (UNED), ISBN 978-84-7991-456-1.<\/p>\n<p><strong><u>Ingl\u00e9s<\/u><\/strong><\/p>\n<p>Textos y materiales en el Aula Virtual.<\/p>\n<p><strong><u>Lat\u00edn<\/u><\/strong><\/p>\n<p>Diccionario Ilustrado Latino-Espa\u00f1ol\/Espa\u00f1ol-Latino. Editorial Vox. ISBN: 978-84-7154-916-8 (sirve cualquier edici\u00f3n).<\/p>\n<p><i>Lingua Latina per se Illustrata. Familia Romana. <\/i>Editorial Cultura Cl\u00e1sica. Hans Orberg. ISBN: 978-84-935798-5-2 (Tambi\u00e9n sirven ediciones anteriores).<\/p>\n<p><strong><u>Lengua<\/u><\/strong><\/p>\n<p>No es obligatorio, pero se recomienda el libro: Garc\u00eda Macho, M\u00aa Lourdes: Lengua Espa\u00f1ola: ex\u00e1menes resueltos y comentados del curso de acceso, Editorial Universitaria Ram\u00f3n Areces, ISBN: 978-84-996-14458<\/p>\n<p><strong><u>Qu\u00edmica<\/u> <\/strong><\/p>\n<p>El material ser\u00e1 proporcionado por la profesora.<\/p>\n<p><strong><u>Matem\u00e1ticas de ciencias<\/u><\/strong><\/p>\n<p>Apuntes proporcionados por el profesor en copias y en el Aula Virtual.<\/p>\n<p><strong><u>Matem\u00e1ticas de ciencias sociales<\/u><\/strong><\/p>\n<p>Apuntes proporcionados por el profesor en copias y en el Aula Virtual.<\/p>\n<p>[\/vc_column_text][\/vc_accordion_tab][\/vc_accordion][\/vc_column][\/vc_row][vc_row row_height_percent=\u00bb0&#8243; override_padding=\u00bbyes\u00bb h_padding=\u00bb5&#8243; top_padding=\u00bb2&#8243; bottom_padding=\u00bb2&#8243; overlay_alpha=\u00bb50&#8243; gutter_size=\u00bb2&#8243; column_width_percent=\u00bb100&#8243; shift_y=\u00bb0&#8243; z_index=\u00bb0&#8243;][vc_column column_width_percent=\u00bb100&#8243; position_vertical=\u00bbmiddle\u00bb gutter_size=\u00bb3&#8243; back_color=\u00bbmorado-degradado\u00bb overlay_color=\u00bbblanco\u00bb overlay_alpha=\u00bb50&#8243; border_color=\u00bbmorado-urabayen\u00bb border_style=\u00bbsolid\u00bb shift_x=\u00bb0&#8243; shift_y=\u00bb0&#8243; shift_y_down=\u00bb0&#8243; z_index=\u00bb0&#8243; medium_width=\u00bb0&#8243; mobile_width=\u00bb0&#8243; width=\u00bb1\/1&#8243; css=\u00bb.vc_custom_1605786489635{border-top-width: 3px !important;border-right-width: 3px !important;border-bottom-width: 3px !important;border-left-width: 3px !important;}\u00bb][vc_column_text]<strong>IMPORTANTE<\/strong><\/p>\n<p>LIBROS DE VENTA EN EL CENTRO (*) Se pagar\u00e1n con tarjeta o en met\u00e1lico en la conserjer\u00eda.<\/p>\n<p>****Cualquier otro libro ser\u00e1 indicado por el profesor\/a al comienzo de curso****[\/vc_column_text][\/vc_column][\/vc_row]<\/p>\n<\/div>","protected":false},"excerpt":{"rendered":"<p>Consulte con el profesorado si tiene cualquier duda sobre el material.<\/p>\n","protected":false},"author":1,"featured_media":792,"parent":789,"menu_order":0,"comment_status":"closed","ping_status":"closed","template":"","meta":{"footnotes":""},"class_list":["post-846","page","type-page","status-publish","has-post-thumbnail","hentry","page_category-acceso-a-alumnos"],"_links":{"self":[{"href":"https:\/\/iesnapa.educacion.navarra.es\/web\/wp-json\/wp\/v2\/pages\/846"}],"collection":[{"href":"https:\/\/iesnapa.educacion.navarra.es\/web\/wp-json\/wp\/v2\/pages"}],"about":[{"href":"https:\/\/iesnapa.educacion.navarra.es\/web\/wp-json\/wp\/v2\/types\/page"}],"author":[{"embeddable":true,"href":"https:\/\/iesnapa.educacion.navarra.es\/web\/wp-json\/wp\/v2\/users\/1"}],"replies":[{"embeddable":true,"href":"https:\/\/iesnapa.educacion.navarra.es\/web\/wp-json\/wp\/v2\/comments?post=846"}],"version-history":[{"count":104,"href":"https:\/\/iesnapa.educacion.navarra.es\/web\/wp-json\/wp\/v2\/pages\/846\/revisions"}],"predecessor-version":[{"id":5495,"href":"https:\/\/iesnapa.educacion.navarra.es\/web\/wp-json\/wp\/v2\/pages\/846\/revisions\/5495"}],"up":[{"embeddable":true,"href":"https:\/\/iesnapa.educacion.navarra.es\/web\/wp-json\/wp\/v2\/pages\/789"}],"wp:featuredmedia":[{"embeddable":true,"href":"https:\/\/iesnapa.educacion.navarra.es\/web\/wp-json\/wp\/v2\/media\/792"}],"wp:attachment":[{"href":"https:\/\/iesnapa.educacion.navarra.es\/web\/wp-json\/wp\/v2\/media?parent=846"}],"curies":[{"name":"wp","href":"https:\/\/api.w.org\/{rel}","templated":true}]}}